t d = 576 - z. Is d a multiple of 50?
False
Suppose -24 - 83 = 4*f + 3*r, 2*f + 5*r = -57. Is (-13)/(f/(-12)) - -59 even?
False
Let r(q) = q**3 + 28*q**2 - 23*q + 8. Let b be r(-29). Let g = 549 + b. Suppose g = -14*n + 1335. Does 18 divide n?
False
Suppose 4*z + 5*g = 460, 8*g - 4*g = -3*z + 345. Suppose -o + 14 = 11. Suppose -z = -o*t + 47. Is t a multiple of 18?
True
Suppose -40*d = -4*d - 7*d - 515040. Is 148 a factor of d?
True
Let g = -337 + 357. Suppose -4*w + g = 0, 868 = 2*s - 0*s + 4*w. Does 5 divide s?
False
Let j(s) = -30*s + 134. Let i be j(-2). Suppose -79*o + 80*o + x = 196, -o + i = -x. Is 15 a factor of o?
True
Let p = -896 + 1436. Suppose -12*w + 7*w = -p. Is w a multiple of 28?
False
Let u = 18 + -16. Is 4 + (123 - u) + 1 a multiple of 4?
False
Is 267 - -30750 - -3*1 a multiple of 132?
True
Let z = -14871 - -22255. Is z a multiple of 52?
True
Let q(t) = 4*t**3 + 69*t**2 + 9*t - 38. Let o = 164 - 181. Is q(o) even?
True
Let s be (-2)/(4/(-6)) - -80. Suppose 6*u - 55 = s. Suppose -93 + u = -5*r. Is 7 a factor of r?
True
Suppose 4*n - 16250 = -2*d, 4*d + 5*n - 42963 + 10463 = 0. Does 4 divide d?
False
Let a = -10795 + 18827. Is a a multiple of 10?
False
Does 18 divide ((-480)/(-70))/(8/8148)?
True
Suppose -5*n = 2*f + 27 - 56, -5*n + 3*f = -19. Suppose n*u = 14 + 6, 4*u + 176 = 4*d. Does 6 divide d?
True
Suppose -7*i = 13 + 22. Let y be -5 - ((-20)/i - 4). Is 47 a factor of (-1647)/(-5) - ((-27)/y + -5)?
True
Let z = -17853 - -33081. Is 108 a factor of z?
True
Let o(z) = 2*z - 6. Let r be o(5). Let h be ((-3)/(4/r))/(-1). Suppose 0*c - h*c + 2*l = -275, 20 = 4*l. Is 19 a factor of c?
True
Suppose 6*v = v + l - 50, -5*l = 3*v + 30. Let m be (1825/v)/((-2)/4). Suppose 8*j = 531 + m. Is 28 a factor of j?
True
Let m(n) = -n**3 - 16*n**2 - 50*n + 20. Suppose 276*l = 274*l - 24. Is 22 a factor of m(l)?
True
Let k be (4/5)/((-2)/(-5)). Suppose 5*g - k*u = 3*u + 85, 4*u = -5*g + 103. Let a = g + 3. Does 5 divide a?
False
Let n(q) = -q**3 + 20*q**2 + 78*q + 49. Suppose -36 = -3*i + 2*r + 41, -3*i = r - 65. Is 14 a factor of n(i)?
False
Let r = -669 - -62. Let z = r - -1051. Is 33 a factor of z?
False
Let j = -22 - -22. Suppose -5*y - 5 = 4*a - 4*y, j = -2*a + 2*y - 10. Is (1 - 1)/(-3 - a) + 60 a multiple of 22?
False
Suppose 5*j + g = -0*g + 267, -2*j = -2*g - 114. Let d = -46 + j. Suppose -d*x + 120 = -6*x. Does 15 divide x?
True
Let c = -128 + 152. Let p(s) = 8*s + 98. Is p(c) a multiple of 4?
False
Let r(g) = -41*g**2 + 4*g + 24. Let f be r(-4). Let m = f - -1133. Is m a multiple of 47?
False
Suppose -4*x - z + 40 = 0, -2*x + 2*z + 28 = -2. Suppose -2*q + 5*c + 608 = 0, 5*q - 10*c + x*c = 1466. Is 42 a factor of q?
True
Let a(b) = b**2 - 13*b + 7. Let j be a(13). Suppose 4*d + 244 = 2*g, 2*d = 4*g - j*g + 398. Suppose -26*w = -28*w + g. Is 13 a factor of w?
True
Does 10 divide (-4)/(-58) - 79746*10/(-580)?
False
Suppose 3*f = y - 5, 0 = -5*f - 3*y - 6 - 7. Is 47 a factor of (-24338)/(-258) + (f/6 - 0)?
True
Let v = -310 + 315. Suppose -2*m - 578 = -4*m - 2*i, 5*i = v*m - 1485. Does 23 divide m?
False
Suppose 12*p + 12 = -12. Let d be p + 1 + 1 + -10. Does 3 divide 91*2/10 - (-2)/d?
True
Suppose 6 = -13*v + 15*v. Let w be (-55)/15 + v + 150/9. Suppose -w*c + 20*c = 64. Is c a multiple of 3?
False
Let z(m) = m**3 - 18*m**2 + m + 1. Let s be z(18). Let x = -151 + 586. Suppose -14*v = -s*v + x. Is v a multiple of 9?
False
Let y = 5 - -217. Let q = 306 + y. Is 10 a factor of q?
False
Let g be 28/196 + (-2826)/(-14). Suppose -g = w - 610. Does 25 divide w?
False
Let h = -112 - -159. Does 24 divide 2 + (-36)/6 + h?
False
Suppose 3*k + 3*a = 117441, -5*a - 32188 - 6995 = -k. Is k a multiple of 6?
False
Let d be 371/(-112)*2 - 6/16. Let s(r) = -38*r - 41. Is s(d) a multiple of 25?
True
Suppose 122582 + 69883 - 7665 = 30*q. Does 220 divide q?
True
Let d be 333/12 + 9/36. Is 2 a factor of -7*((3216/d)/(-6) - 4)?
True
Suppose -26*p + 332 = -344. Suppose -2*q = 3*s - 0*s - 20, -q - 4 = -2*s. Suppose p = -q*h + 342. Is 7 a factor of h?
False
Suppose 16*c = 18*c - s - 8114, -3*c = s - 12151. Is c a multiple of 21?
True
Let b(o) = o**2 + 14*o - 171. Let t be b(-22). Suppose -2*p = t*j - 94, 10*p - 15*p = 3*j - 64. Does 3 divide j?
True
Let k = 59756 - 42598. Is k a multiple of 23?
True
Let v(y) = 67 + 29*y - 21*y + 36*y - 26. Is 7 a factor of v(9)?
False
Let o be 2/(-9) + (-2483)/(-117). Let x = 386 - 364. Suppose 0 = -x*p + o*p + 31. Is 3 a factor of p?
False
Let r = -96 + 99. Suppose 3*h - 757 = -4*k, 7*h + 549 = 3*k + r*h. Is 38 a factor of k?
False
Suppose 65 - 63 = -p, 9*p = -2*d + 4806. Does 21 divide d?
False
Let f = 677 + -662. Does 58 divide 116*(-1)/(-5 - (-72)/f)?
True
Let i(k) = -k**3 + 28*k**2 + 87*k + 70. Is i(30) a multiple of 16?
True
Suppose -2 = 2*p, 0 = 40*u - 42*u - 4*p + 10530. Is u a multiple of 54?
False
Does 15 divide (-12)/2*((-4456)/16 + 6)?
True
Is (-188)/1974 - (613000/21)/(-5) a multiple of 21?
True
Let z = 51 - 31. Suppose -19*i - 5 = -z*i. Suppose 5*j - 5*v = 355, -2*j + i*v = j - 223. Is j a multiple of 9?
False
Let x(h) = -14*h - 42. Let g be x(-4). Let i = g + 46. Suppose -5*u + 180 = -2*u + 3*t, -t - i = -u. Is 12 a factor of u?
True
Let j = 981 + -551. Let r = j - 609. Let s = -118 - r. Is 7 a factor of s?
False
Suppose 0 = -4*q - 3*q - 1827. Does 14 divide 2/6 - q/54*26?
True
Let l be (-1271)/205 - 1/(-5). Let h(p) = 2*p**2 - 31*p - 187. Does 2 divide h(l)?
False
Let k = -126 - -778. Let l(v) = -v**3 + 20*v**2 + 44*v + 27. Let r be l(21). Suppose 7*d - r = k. Is d a multiple of 26?
False
Let q = 576 + -2544. Does 11 divide 6*4/20 + q/(-10)?
True
Let c be -8*(-8)/64 - 2*-66. Let o = 244 - c. Does 37 divide o?
True
Is 4 a factor of ((-36)/10)/(9/(-20)*(-8)/(-84))?
True
Let j be ((95 - -9) + 3)*-5. Let i = j + 850. Is 5 a factor of i?
True
Let y be 2/5 + (-173130)/75. Let x = -1080 - y. Does 85 divide x?
False
Let s(f) = 19*f - 31. Suppose 0 = 18*i - 166 - 176. Is 11 a factor of s(i)?
True
Suppose 4*o + 5*g - 27 = 0, 2*o = 4*g + 24 + 22. Suppose o*r - 1870 + 284 = 0. Is r a multiple of 6?
False
Let p be 2*4 + 966 + 67. Suppose -5*u + p = -694. Is u a multiple of 5?
False
Let a(w) = -2*w**3 + 27*w**2 - 12*w - 16. Let p be a(13). Does 12 divide -65*(p/20)/((-4)/(-192))?
True
Suppose -4*r + 16 - 37 = -3*h, 21 = 3*h + 4*r. Suppose -4*j + 6*z - h*z = -292, 0 = -z. Is 14 a factor of j?
False
Let k = -886 - -323. Let z = k - -1047. Is 85 a factor of z?
False
Suppose 2*j - 2375 - 2405 = -h, 11952 = 5*j + 2*h. Is 8 a factor of j?
True
Let y = 21 - 16. Let o be (0 - y/(-2))*(-32)/(-40). Suppose -4*n + j + 361 = 0, -o*n + 5*j + 349 = 2*n. Does 28 divide n?
False
Suppose 55710 = 7*n + 5*n + 2*l, 4*n - 18562 = 2*l. Is 11 a factor of n?
True
Suppose 45*o + 21*o = 66000. Is 20 a factor of o?
True
Suppose 0 = 2*n + 6, -4*n = 5*q + n - 9250. Is q a multiple of 17?
True
Let k(p) = -p**3 + 19*p**2 - 17*p - 26. Let b be k(18). Let s = b + 34. Does 13 divide s?
True
Suppose -6 = 119*a - 122*a. Suppose d + 2*d = l - 216, a*l - 411 = -d. Is 23 a factor of l?
True
Let o(h) = -h**2 - 14*h - 38. Let q be o(-10). Suppose 2124 = q*z + 7*z. Is z a multiple of 4?
True
Let u(l) = 2*l**2 - 76*l + 202. Let g be u(48). Suppose -f + g = 5*y, 4*y = f - 312 - 832. Does 24 divide f?
True
Suppose -q - v = -2*q + 7, 0 = -q - 2*v - 5. Suppose -q*n + 125 = -4*f - 95, -5*n - f + 359 = 0. Does 3 divide n?
True
Suppose 4*r + 2*o + 26 = 5*o, -5*o + 30 = -4*r. Let z(c) = -c**3 - 5*c**2 + c - 1. Let l be z(r). Is 3 a factor of l/4*(-28)/7?
True
Suppose 9*t + 209 - 29 = 0. Let h be 82 + (-12)/(-5) + t/50. Let a = h + 2. Is 43 a factor of a?
True
Suppose 0 = 3*v + v - d - 25383, -v - 3*d + 6336 = 0. Is v a multiple of 27?
True
Let i = -4302 - -7221. Does 49 divide i?
False
Suppose 0 = -29*f + 24*f + 50. Suppose -8*y = -f*y - 84. Let r = 62 + y. Is 10 a factor of r?
True
Let d(m) = 10*m + 12. Let u be d(-2). Is -33*5/2*(u + 6) a multiple of 32?
False
Let c = 10648 - 4169. Is c a multiple of 19?
True
Let f be 541/3 + 43/(-129). Is (-15)/f + 721/12 a multiple of 2?
True
Suppose -5*i + 5180 = 2*h, -i - h + 2*h = -1043. Suppose 24*d = 26*d - i. Does 18 divide d?
False
Let p be ((-5)/(-15))/(3 - 557/186). Let t = p + 38. Is t*(35/4)/7 a multiple of 25?
True
Let p(t)